et m = -2560 + w. Let q = m - 1366. Is q a prime number?
True
Let o(w) = 315*w**2 - w + 62. Let i be o(-7). Suppose -18*s = -20*s - 5*d + i, 2*d - 30992 = -4*s. Is s composite?
True
Let w(q) = 260*q**2 - 15*q - 52. Let n = -302 + 299. Is w(n) composite?
False
Let l(n) = 33*n - 193. Let h be l(6). Suppose -2*i + 4*o + 28016 = 2*i, -3*i = -h*o - 21014. Is i composite?
True
Let x(c) = 14432*c**2 - 34*c + 5. Is x(-4) a composite number?
False
Is -8 - (2916378/(-90))/(2/10) composite?
True
Suppose 2*c = 4*c - 36. Suppose 0 = w - y - 5, -4*w - 2 = 4*y + c. Suppose -j - 3818 = -4*s + 1219, w = -2*s + 4*j + 2522. Is s composite?
False
Let p be -4 + 2200 - (-2)/(2 + 0). Let t = -1082 + p. Is t prime?
False
Let m be 766/8 - 30/(-120). Suppose m*z + 81448 = 104*z. Is z a composite number?
False
Suppose 0 = -5*z - 5*r + 40, -1 = 2*r + 1. Is (1 - 6899)*z/(-18) prime?
True
Let x be 444/54 + 2/(-9). Suppose -x*s = -4*b - 3*s + 390, 0 = -b + 2*s + 96. Let k = 122 - b. Is k composite?
True
Let x(b) be the third derivative of 0 + 1/2*b**5 + 0*b - 13/24*b**4 - 5*b**3 - 3*b**2. Is x(11) composite?
False
Let t be (-9)/12 + (-9398)/(-8) + 5. Let n = t + -442. Is n prime?
False
Suppose -10*t + 209 = 1689. Suppose 0 = 5*w - 8*w - 135. Let z = w - t. Is z prime?
True
Let v = 24 + -15. Suppose -13853 = -v*h - 2630. Is h prime?
False
Suppose 4*g + s = 450845, g = -s - 12*s + 112724. Is g prime?
False
Suppose -107*i = -43*i + 42*i - 48372358. Is i a composite number?
True
Let y(u) be the first derivative of -5*u**4/2 + 4*u**3 + 3*u**2/2 + 5*u + 31. Is y(-6) a composite number?
False
Suppose 160*h = 141*h + 718219. Is h a composite number?
True
Let c(r) = -4*r + 65 - 16*r + 1263*r**2 - 21. Is c(3) composite?
False
Suppose 5*g - 10 = 0, -5*v + 2*v = -3*g - 13065. Is v a prime number?
True
Let k(x) = 109*x**2 + 10*x + 151. Let l be k(-8). Suppose -26882 = -5*v - l. Is v a composite number?
False
Let g be (-12)/16 - ((-2)/(-8) + -3). Let k(b) = 2*b**3 + b**3 + 100 - 113 - 4*b**g + 9*b. Is k(5) a composite number?
False
Suppose 272*v + 54*v - 67324563 = -7094759. Is v composite?
True
Let b(r) = 3*r - 50. Let c be b(19). Suppose -17284 = c*t - 132735. Is t prime?
True
Let a = -85 + 32. Let c = 52 + a. Is 1041 + c/1 - 1 composite?
False
Let f = 477 + -475. Suppose -402 = -f*z + 328. Is z a prime number?
False
Let s = 366 - 399. Is -7 - -2 - s*458 prime?
False
Let c = -203161 + 294654. Is c prime?
True
Suppose -36*s + 58 = 5*j - 32*s, -6 = -j + 2*s. Suppose -j*w + 186473 = 10783. Is w prime?
True
Let c be 4/(4/(-8) - (-70)/60). Suppose -22*l + c = -19*l, 4*l - 2597 = -u. Is u prime?
False
Suppose 98*h = -39*h + 37599239. Is h a composite number?
True
Let m = 95503 + 155208. Is m composite?
True
Let j be ((-96)/60)/(4/(-10)). Suppose f + 8217 = j*d, 8*d = 4*d + 2*f + 8222. Is d a composite number?
False
Let v = -148 - -46. Let f be 1*10*(v/30 + -5). Is (-36)/f + 4106/7 a prime number?
True
Let h = -3096824 - -6899295. Is h a prime number?
True
Let s(j) = -55814*j - 763. Is s(-9) a composite number?
False
Let h = 15111 - 6254. Is h + -2 + 18/9 composite?
True
Is (-70)/455 - 39923261/(-91) composite?
True
Is 4092274/68 - (-1)/2 composite?
True
Let u be (-16)/((-64)/(-8)) - -183987. Suppose -28*i = 3*i - u. Is i a composite number?
True
Let i be 5250 - 3*((-3)/9 - -2). Let c = i + -2850. Is c a composite number?
True
Suppose -38*x = -30*x - 130600. Suppose 2*t + 9785 = 3*l, x = 3*l + 2*l + 5*t. Is l prime?
False
Let c(b) = 73374*b**3 - 3*b**2 - 2*b + 4. Is c(1) composite?
True
Suppose 144 = -14*b + 5*b. Let j = -9 - b. Suppose -j*g = g - 2312. Is g a composite number?
True
Let u(b) = 37723*b - 1584. Is u(5) prime?
False
Suppose -4*k - 4*z = 0, k - 30 = -3*k + 2*z. Suppose 0 = -36*f + 144*f - 187704. Suppose 0 = -2*l + 4*u - 3*u + 1714, f = 2*l + k*u. Is l prime?
True
Suppose -3*h - 2 = -2*h. Suppose a = -7 - 2. Is (-8466)/(-54) - h/a*-1 composite?
False
Let z = 2247 - -1162. Is z prime?
False
Let k = 96 + -99. Let u be 1/3*(-9)/k. Let r(l) = 1848*l**3 - 3*l**2 + 3*l - 1. Is r(u) a prime number?
True
Let a(q) = 23 + 3*q**2 - 2*q**2 + 20*q + 4*q - 74. Let k be a(-26). Let n(t) = 1155*t - 4. Is n(k) a composite number?
False
Suppose -8871*b + 8878*b = 30947. Is b a prime number?
True
Let m(o) = -3*o**3 + 4*o**2 + 4*o + 1. Let q be m(-1). Suppose q*b + 4467 - 16303 = 0. Is b a prime number?
False
Suppose 5*a - 249822 = -4*t - 94761, -3*t + 31010 = a. Is a a prime number?
True
Let p be 6*(-7806)/(-36)*-3. Let s = 16996 + p. Is s a composite number?
False
Let w be (-8)/12*19170/(-20). Suppose g + m - 126 = 0, 5*g = 12*m - 8*m + w. Is g prime?
True
Let q = -53 + 57. Let t(w) = 227*w**2 + 11*w - 29. Is t(q) composite?
True
Suppose 38*v + 4 = 37*v, -5*v - 20 = -b. Suppose b = -6*p - 26747 + 116453. Is p composite?
False
Is 12 - (-1639)/33*453 composite?
False
Let v = 4610 - 6746. Let d = v + 4885. Is d a composite number?
False
Suppose -53*l = 225566 - 2078181. Is l prime?
False
Let w(v) = -13*v**3 + 2*v**2 + 17*v + 143. Is w(-12) prime?
True
Suppose h = 24 - 27, 5*t + 3*h = 439396. Is t composite?
False
Suppose -3*s - 3198 = -5*t, -22*s = -2*t - 17*s + 1283. Let d = t - -250. Is d prime?
False
Let v(f) = 4 + 4*f**2 + 0 - f**3 + 3*f - 7*f. Let b be v(2). Suppose -3*o - 91 + 2120 = -b*r, 2*o = -r + 1371. Is o a prime number?
True
Let t(r) be the first derivative of -r**3/3 - 6*r**2 + 32*r - 20. Let g be t(-14). Suppose 0 = -d + z + 1573, -d - g*z = d - 3122. Is d a prime number?
False
Let h(f) = 14*f**2 + 11*f - 6. Suppose -3*i + 2*v = 31, -5*i + 4*v - 44 - 11 = 0. Let b be h(i). Let k = b - -1768. Is k prime?
True
Let p = -15 - -18. Let y be -6*(-2 + p)/2. Is (5 - (y + 52))*(-11)/4 prime?
False
Let p(w) be the second derivative of -2*w + 31/2*w**2 + 13/6*w**3 + 0. Is p(16) prime?
True
Let z(n) = -n**2 + n + 3. Let s be z(0). Let u(t) = -13*t + 0*t**3 - 1 - 4 + 3*t**2 - 4 - t**s. Is u(-6) a composite number?
True
Let b(x) = -x**3 - 6*x**2 + 5*x - 17. Let o be b(-7). Let l be (-3)/o*(-26 + 4 + -4). Is (-39)/l*4658/3 a composite number?
True
Let t = -861789 - -1735262. Is t a composite number?
True
Suppose 4*z + 2*b = -2*b + 12892, 0 = -z - 2*b + 3225. Let f = z + 1908. Is f a prime number?
False
Let z = -595 + 570. Let o(i) = 14*i**2 - 25*i + 134. Is o(z) composite?
True
Is (4*(-2)/4)/((-85)/15969970) + 3 a prime number?
False
Suppose 3*t + 0*d = 2*d + 25852, -4*t - 5*d + 34431 = 0. Suppose 1 = l, 17*o - 21*o - 2*l = -t. Is o composite?
False
Let p be 5/(-40) + 150/48. Suppose 3*a + 2*l = 4*l + 1943, -p*a = -l - 1945. Is a prime?
False
Is ((-8)/(-3) - (-7915936)/48) + 3 a composite number?
True
Let x(m) = 219*m**2 - 21*m - 77. Is x(-4) prime?
True
Let y = -419357 + 874170. Is y a prime number?
False
Let u = 486179 + -326268. Is u prime?
True
Is ((-3)/(-5) - 2721582/(-30)) + -5 composite?
True
Suppose 7*s - 3*s - 8 = -j, s + 4*j - 2 = 0. Let i be (1337 - 3)/s*-2. Let y = i + 3537. Is y composite?
False
Let t = -102 - -101. Let c be (-1)/(896/2709 + t/3). Suppose -3135 = -2*v + c. Is v a prime number?
False
Let k = 38 - 14. Let g(q) = -q**3 + 29*q**2 - 4*q + 29. Let i(w) = w**3 - 30*w**2 + 3*w - 29. Let b(r) = -6*g(r) - 5*i(r). Is b(k) a prime number?
False
Let q(f) = 8*f - 233730 + 233736 + 6*f**2 + 3*f**2. Let k = -15 + 10. Is q(k) composite?
False
Suppose 36*p - 1877227 = 183990 + 5807195. Is p composite?
True
Suppose 194*a = 200*a - 24. Suppose a*t + 7892 = 8*t. Is t a prime number?
True
Let c be ((-2)/4*-2)/((-27)/(-10341)). Suppose 2099 = 4*n - 5*w, -n + 150 = -4*w - c. Is n composite?
False
Suppose 373801 = 4*n + 196*o - 199*o, -93443 = -n + 8*o. Is n prime?
False
Let k(r) = 2026*r**2 - 10*r + 49. Is k(-8) a prime number?
True
Let l(b) = -147840*b + 493. Is l(-5) a prime number?
True
Suppose -332 = 6*z - 8. Let p be 1015/(-49) - 2/7. Let y = p - z. Is y prime?
False
Suppose -k = -2*k - g + 9, 5*g = 4*k - 36. Is ((-6)/4)/(k/129)*-6 prime?
False
Suppose -m + s = -s - 7, -2*m + s + 8 = 0. Suppose -m*f - 26329 + 76492 = 0. Is f composite?
True
Is (-2 - (-403451)/10) + 2/(-20) a composite number?
False
Suppose 3*a + 21 = f, 4*f + a - 56 = 6*a. Let g be (-3)/f*(0 - 30). Suppose g*q - 2431 = -q. Is q a prime number?
False
Let d be 5 + -5 + -1186 + 1 + -5. Let u = -489 - d. Is u prime?
True
